(o) = -o + 1. Let v(b) = 1. Let s(u) = l(u) + 6*v(u). Let g be s(5). Let t(q) = 2*q**2 - 9 + q**3 - 6*q - 9*q**2 - g*q**3 + 15. Give t(-6).
6
Let y(o) = 7*o**3 + 11*o - 1. Let l(q) = 2*q**3 + 3*q**2 + 2*q. Let b(w) = 3*l(w) - y(w). Determine b(9).
-44
Let v be (-3 - 54/(-15)) + (-6)/10. Let p(i) = -4*i**2 + 4*i + 5. Let j(x) = -5*x**2 + 5*x + 5. Suppose 17*d - 15*d = 6. Let q(c) = d*j(c) - 4*p(c). Give q(v).
-5
Suppose -m + 9*y = 10*y, 0 = 4*m + 2*y. Let w(j) be the second derivative of -1/2*j**2 - 19*j + 4*j**3 + m. Calculate w(-1).
-25
Let l(z) = 6*z + 11. Let g(s) = -48*s - 90. Let q(y) = -2*y**2 - 11*y - 9. Let n be q(-5). Let f(h) = n*g(h) - 33*l(h). What is f(-2)?
9
Let n(w) be the first derivative of 3*w**4/2 - 29*w - 15. Let g(x) be the first derivative of n(x). Give g(-1).
18
Let x be -4 + 133/(-147) + 4/(-42). Let h(w) = -19*w**3 + 5*w**2 + 8. Let b(v) = -9*v**3 + 3*v**2 + 5. Let d(g) = x*b(g) + 3*h(g). Give d(1).
-13
Let o(g) = -13*g**2 - 128 - 8*g + 12*g**2 + 3*g - 4*g + 138. Let v be -2 + (-2 - -6) - 15. Give o(v).
-42
Let j(p) = 1590145 + 69*p + 1590154 - 20*p**2 - 3180300 - p**3. Give j(-23).
-1
Let k(b) = -5*b + 3. Let g = 85 - 43. Suppose 48 = 2*j - n, 2*j - 3*n - g - 14 = 0. Let w = 24 - j. Calculate k(w).
-7
Let t(l) = -4*l - 6. Suppose 5*j = -h + 20, -55*h + 25 = 4*j - 56*h. Calculate t(j).
-26
Let y(k) be the third derivative of 1/12*k**4 + 0 - 1/60*k**6 + 1/20*k**5 + 1/6*k**3 + 2*k + 12*k**2. Suppose 20 = 5*u + 5. What is y(u)?
-20
Let x(s) = s**3 + 10*s**2 - 3*s - 14. Let b(k) = -3*k - 56. Let q be b(-19). Let i(n) = -3*n - 7. Let j be i(q). Determine x(j).
16
Let w(r) = 5 + 0 + 4113*r - 2062*r + r**2 - 2054*r. Calculate w(6).
23
Let t(z) = 17*z + 11. Let c(i) = -40*i - 22. Let s(a) = 6*c(a) + 14*t(a). What is s(-13)?
48
Let k(w) = 9*w + 316. Let h be 198 + -198 + (2 - 37). Give k(h).
1
Let q be (-20)/(-2)*5/10. Suppose q*b + 5 = -25. Let t(m) = 7*m**2 - 11*m - 10. Let w(x) = 2*x**2 - x - 2. Let u(s) = -t(s) + 4*w(s). What is u(b)?
-4
Suppose -324 = -345*o + 336*o. Let a(n) = 22 + 17 - o - 16*n. Give a(3).
-45
Let h(b) = -b**3 - 9*b**2 + b - 6. Suppose -4*f - 35 = 5*m, 2*f - 53*m + 13 = -54*m. Determine h(f).
-111
Let t(h) = -47*h + 41*h + 5*h**2 - 38 + 24 + 19. What is t(1)?
4
Let b(c) = -4*c**2 + 8*c + 6. Let u(o) = 11*o - 45. Let w be u(4). Let y(z) = -z**2 + 1. Let j(a) = w*b(a) + 3*y(a). Determine j(7).
-10
Let n(b) = b + 22. Suppose -1878 + 1953 = -3*l. Calculate n(l).
-3
Let t(u) = u**2 - 5*u - 2. Let s be t(6). Suppose -9*q + 5 = -s*q. Suppose 15 = 2*x + q. Let f(k) = -3*k + 7. Determine f(x).
-14
Let f(i) = -4*i**3 - i**2 - 3*i - 3. Suppose 5*m - 35*d = -38*d + 8, -11*m - 10 = 2*d. Determine f(m).
31
Let k(c) be the second derivative of -4*c**3/3 + 26*c**2 + 2335*c + 2. Determine k(17).
-84
Let a(o) = 10*o**2 - o - 1. Let h(w) = -9*w**2 - 2*w + 8. Let u be h(-1). Determine a(u).
8
Suppose 228 - 320 = 4*b + 3*h, -3*h = -2*b - 28. Let z(l) = l**2 + 22*l + 24. Calculate z(b).
-16
Let r(c) = 739 + 713 + 738 - 2158 + 2*c. What is r(-14)?
4
Let o(x) be the third derivative of -3*x**2 + 0 + 8*x - 1/24*x**4 - 1/60*x**5 + 1/6*x**3. Determine o(2).
-5
Let l(n) = 76 - 24*n - 24*n + 20. Let v(t) = -3*t + 6. Let b(w) = -2*l(w) + 33*v(w). Give b(5).
-9
Let g(i) = i + 9. Let u be g(-7). Suppose u*f = 8, -2*v - 14*f = -10*f - 14. Let d(y) = 7*y**2 + y + 1. Calculate d(v).
7
Suppose 1988 = -77*o - 207*o. Let a(t) = -t**3 - 5*t**2 + 4. What is a(o)?
102
Let w(k) = -13*k - 10 - 5 - 63*k + 83*k. Calculate w(6).
27
Let l(o) = -5 + 3*o**3 + 4 - 13*o**3. Let f(a) = 2*a**3 - 35*a**2 - 16*a - 12. Let x be f(18). Suppose 32 = 8*c + x. Give l(c).
-11
Suppose 93*o - 96*o = 3*h, -2*o = -h + 3. Let q = -5 + 7. Let z(a) = 9 - 13 + 5 - 2*a**q - 11*a**3. Give z(h).
-12
Let r(l) be the first derivative of 18*l**2 + 62*l - 1506. Determine r(-2).
-10
Let a(q) = -2*q**2 - 25*q + 2. Let h be (-2)/6 - 12144/828. Determine a(h).
-73
Let q(d) = d**3 - d**2 - d. Let x(a) = 8*a - 32. Let b(l) = -l. Let m(j) = -4*b(j) - x(j). Let t be m(8). Determine q(t).
0
Let d(q) = -94*q - 1. Let n(t) = -277*t - 57. Let w(m) = 3*d(m) - n(m). Give w(10).
4
Let r be (-877 - -905)*-2*2/(-16). Let m(s) be the second derivative of s + 0 - 1/12*s**4 - 9/2*s**2 + 5/3*s**3. What is m(r)?
12
Let k be 2 + (-15 - (-10 - 5)). Let l(g) be the first derivative of 0*g + 1/2*g**k + 2/3*g**3 + 4. Calculate l(-2).
6
Let c(m) = -40*m**3 + m**2 + m - 1. Let v(j) = -38*j**3 + j**2 + j - 1. Let r(b) = -5*c(b) + 6*v(b). What is r(1)?
-27
Let u(b) = -2*b**2 - b + 8. Suppose 14*o = -12*o - 27*o - 265. Give u(o).
-37
Let c(l) = -l**3 + 19*l**2 + 8. Let w(p) = 23 - 34 - 3*p + 15. Let u be w(-5). Let d be c(u). Let s(g) = -g**2 + 8*g + 1. Determine s(d).
1
Let c = 361 - 355. Suppose -504 = -c*v - 462. Let g(p) = 4*p - 6. Give g(v).
22
Let y be -2*(-1)/2*-1. Let n(s) be the third derivative of -11*s**4/12 + 334*s**2 + 32*s. What is n(y)?
22
Let j(d) = 6*d**3 + 2*d**2 + d - 8. Let a(l) = -2*l + 3. Let b(k) = -2*a(k) - j(k). Give b(-2).
36
Let x be 5/((6/(-42))/((-4)/70)). Let r(p) = -8*p. What is r(x)?
-16
Let v(q) = -113*q + 119. Let r(l) = 318*l - 356. Let h(k) = -6*r(k) - 17*v(k). Determine h(-9).
-4
Let w = 9988 + -9998. Let h(i) = i**2 + 10*i - 29. Give h(w).
-29
Let b(t) be the third derivative of -3*t**7/140 - t**6/360 - 7*t**3/3 + 2*t**2 + 3*t. Let d(j) be the first derivative of b(j). What is d(-1)?
17
Suppose -10*y = -21*y - 583. Let m = 56 + y. Let r(g) = -2*g - 5. What is r(m)?
-11
Let b(y) = -12*y - 37. Let g(w) = -w**3 - 20*w**2 + 15*w - 129. Let m be g(-21). Calculate b(m).
-1
Let y(k) = -k**3 + 4*k**2 + 18*k - 16. Let x(b) = -30*b**2 - 11*b + 7. Let m be x(0). Determine y(m).
-37
Let r(d) = -8 - 170*d + 169*d - 6. Let n = -28 - -28. Suppose n*v - 2*x = -5*v - 49, -2*v + 3*x - 13 = 0. Give r(v).
-3
Let z(s) = 24*s - 19*s - 8 - 29 - 7. What is z(9)?
1
Let l(x) = -3*x**2 - 45*x - 108. Let h(w) = 6*w**2 - 534*w - 3. Let m be h(89). What is l(m)?
0
Let a = -42 + 32. Let d(w) = w**2 + 11*w + 13. Let c be d(a). Let v(q) = -3*q**2 + 3*q**2 - 9 + q**c + 7. What is v(0)?
-2
Let g(m) be the second derivative of 1/2*m**2 + 2*m - 18 - m**3. Calculate g(-1).
7
Suppose 108 = -340*c + 322*c. Let i(y) = -2*y**3 - 10*y**2 + 18*y + 36. Let j be i(c). Let m(w) = -w**3 + w**2 + w - 3. Give m(j).
-3
Let d(b) = b**2 - 2*b + 2. Let f(p) = -p**3 - 4*p**2 + 5*p + 3. Let w be f(-4). Suppose -51*z + 44*z = -133. Let n = z + w. Give d(n).
2
Let o(z) = 10*z + 2*z + 10*z + 4*z + 518 - 34*z. Determine o(64).
6
Let p be 0/(2/8*4). Suppose -9*f + 5*f + 24 = p. Let w(r) = -r + 0 + 2 + 2*r - f. Calculate w(4).
0
Suppose 22*w - 48 = 19*w. Let q(n) = -17*n**2 + 9*n - w*n + 6*n + 1. What is q(1)?
-17
Suppose 0 = 19*o - 33*o + 28. Let l(c) be the second derivative of 0 + 0*c**o + 22*c + 1/6*c**3. Calculate l(-4).
-4
Let s(f) = -52*f**3 - 11*f - 5. Let z = 483 + -481. Let l(j) = 10*j**3 + 2*j + 1. Let b(d) = z*s(d) + 11*l(d). What is b(-1)?
-5
Suppose -2*a - 3*z = 13, 4*a + 4*z = -0*z - 16. Let d(b) = 5*b**3 + 4*b**2 - b + 1. Let t(w) = 2*w**3 - w + 1. Let n(c) = a*d(c) - 2*t(c). What is n(-4)?
-5
Suppose -2*k = -6*o - 52, 4*o + 0*o = -3*k - 52. Let s(h) = 5*h**2 + 2*h. Let u(v) = -14*v**2 - 6*v + 1. Let b(l) = -8*s(l) - 3*u(l). Calculate b(k).
21
Suppose 3*u = 3*p - 3, 4*u - 2*p + 4 = p. Let z(w) be the second derivative of 11*w**3/6 - w**2/2 - 7823*w. Calculate z(u).
-12
Let p(q) = q**3 - 6*q**2 - 3*q + 14. Let c(d) = 1172*d + 8209. Let j be c(-7). Give p(j).
-26
Suppose 136*r = 132*r + 8. Let a(y) be the third derivative of -1/120*y**6 + 1/15*y**5 + 0 - 12*y**r + 1/4*y**4 + 1/6*y**3 + 0*y. What is a(5)?
6
Let x(l) = 8*l - 3. Let m = -13103 + 13099. Calculate x(m).
-35
Let g(a) be the first derivative of a**3 - 73*a**2/2 - 23*a + 8808. What is g(24)?
-47
Let p(o) = 580 - 1142 + 568 - 6*o + o**3 - 3*o**2. Let q = -28 - -32. Give p(q).
-2
Let b(v) = 24*v - 203. Let x = 628 - 621. Give b(x).
-35
Let p(f) be the second derivative of -1/2*f**2 - 7/6*f**3 + 0 + 138*f. Calculate p(-2).
13
Suppose -t + 9*a - 33 = 0, 5*a = 2*t + 9*a. Let v(f) = -f**3 - 6*f**2 - 6*f - 11. What is v(t)?
25
Let r(i) = -2*i**2 + 71*i + 1. Let f(y) = -42*y**2 + 354*y + 5. Let o(p) = -f(p) + 5*r(p). Let a(j) = j**2. Let d be a(1). Give o(d).
33
S